{"id":9,"date":"2023-12-15T18:29:34","date_gmt":"2023-12-15T23:29:34","guid":{"rendered":"https:\/\/facbio.unitru.edu.pe\/?page_id=9"},"modified":"2024-07-05T12:28:35","modified_gmt":"2024-07-05T17:28:35","slug":"presentacion","status":"publish","type":"page","link":"https:\/\/facbio.unitru.edu.pe\/index.php\/presentacion\/","title":{"rendered":"Presentaci\u00f3n"},"content":{"rendered":"\n<div class=\"wp-block-media-text is-stacked-on-mobile\" style=\"grid-template-columns:22% auto\"><figure class=\"wp-block-media-text__media\"><img fetchpriority=\"high\" decoding=\"async\" width=\"224\" height=\"382\" src=\"https:\/\/facbio.unitru.edu.pe\/wp-content\/uploads\/2024\/07\/heberdec.jpg\" alt=\"\" class=\"wp-image-1730 size-full\" srcset=\"https:\/\/facbio.unitru.edu.pe\/wp-content\/uploads\/2024\/07\/heberdec.jpg 224w, https:\/\/facbio.unitru.edu.pe\/wp-content\/uploads\/2024\/07\/heberdec-176x300.jpg 176w\" sizes=\"(max-width: 224px) 100vw, 224px\" \/><\/figure><div class=\"wp-block-media-text__content\">\n<p>La Facultad de Ciencias Biol\u00f3gicas, acorde con la misi\u00f3n institucional, forma bi\u00f3logos integralmente profesionales y ciudadanos de excelencia, responsables, inclusivos, equitativos, con \u00e9tica e integridad, criticidad, innovadores y emprendedores; creadores de valor p\u00fablico, conocimientos cient\u00edfico, tecnol\u00f3gico, human\u00edstico y art\u00edstico, para el desarrollo sostenible de la sociedad.&nbsp;&nbsp;<\/p>\n\n\n\n<p><strong>Decano: <\/strong>Dr. Heber Max Robles Castillo<\/p>\n\n\n\n<p><strong>Secretaria:<\/strong> Deicy Isabel Huam\u00e1n Neciosup<\/p>\n\n\n\n<p><strong>Contacto:<\/strong> E-mail: facbio@unitru.edu.pe<br>Ubicaci\u00f3n: Facultad de Ciencias Biol\u00f3gicas, Ciudad Universitaria. Av. Juan Pablo II s\/n &#8211; Trujillo &#8211; Per\u00fa<\/p>\n<\/div><\/div>\n","protected":false},"excerpt":{"rendered":"<p>La Facultad de Ciencias Biol\u00f3gicas, acorde con la misi\u00f3n institucional, forma bi\u00f3logos integralmente profesionales y ciudadanos de excelencia, responsables, inclusivos, equitativos, con \u00e9tica e integridad, criticidad, innovadores y emprendedores; creadores de valor p\u00fablico, conocimientos cient\u00edfico, tecnol\u00f3gico, human\u00edstico y art\u00edstico, para el desarrollo sostenible de la sociedad.&nbsp;&nbsp; Decano: Dr. Heber Max Robles Castillo Secretaria: Deicy Isabel Huam\u00e1n Neciosup Contacto: E-mail: facbio@unitru.edu.peUbicaci\u00f3n:&#8230;<\/p>\n","protected":false},"author":2,"featured_media":0,"parent":0,"menu_order":0,"comment_status":"closed","ping_status":"closed","template":"","meta":{"footnotes":""},"class_list":["post-9","page","type-page","status-publish","hentry"],"_links":{"self":[{"href":"https:\/\/facbio.unitru.edu.pe\/index.php\/wp-json\/wp\/v2\/pages\/9","targetHints":{"allow":["GET"]}}],"collection":[{"href":"https:\/\/facbio.unitru.edu.pe\/index.php\/wp-json\/wp\/v2\/pages"}],"about":[{"href":"https:\/\/facbio.unitru.edu.pe\/index.php\/wp-json\/wp\/v2\/types\/page"}],"author":[{"embeddable":true,"href":"https:\/\/facbio.unitru.edu.pe\/index.php\/wp-json\/wp\/v2\/users\/2"}],"replies":[{"embeddable":true,"href":"https:\/\/facbio.unitru.edu.pe\/index.php\/wp-json\/wp\/v2\/comments?post=9"}],"version-history":[{"count":8,"href":"https:\/\/facbio.unitru.edu.pe\/index.php\/wp-json\/wp\/v2\/pages\/9\/revisions"}],"predecessor-version":[{"id":1733,"href":"https:\/\/facbio.unitru.edu.pe\/index.php\/wp-json\/wp\/v2\/pages\/9\/revisions\/1733"}],"wp:attachment":[{"href":"https:\/\/facbio.unitru.edu.pe\/index.php\/wp-json\/wp\/v2\/media?parent=9"}],"curies":[{"name":"wp","href":"https:\/\/api.w.org\/{rel}","templated":true}]}}